= 5*i - 112. Calculate the highest common divisor of i and 70.
14
Let h(l) = -5*l - 4*l - 3 + l. Let n be h(-2). Let p(i) = 9*i**2 - i - 5. Let u be p(-4). What is the highest common divisor of n and u?
13
Let i be (1 - 2)*(5 + 0). Let n be i*(-1)/(-2)*-2. Suppose n + 1 = c. What is the highest common factor of c and 9?
3
Let w(u) = 3*u**2 - 5*u - 1. Let g be w(3). Calculate the highest common divisor of 22 and g.
11
Let q(f) = -f**3 + 4*f**2 - f + 5. Let z be q(4). Let c be ((-100)/6)/z*-3. Let a be 1 - 6/(-4)*6. Calculate the greatest common factor of a and c.
10
Suppose 5*l = -s, -5*l = -2*s - s + 60. Suppose f - 2*n - 99 = 0, 4*n = 4*f + 3*n - 417. Calculate the highest common divisor of s and f.
15
Let t = 5 - -14. Let p be t + 4/(4/(-3)). Let m(y) = -y**3 + 2*y**2 + 4*y. Let u be m(-4). What is the greatest common divisor of u and p?
16
Let s be (-1 + (1 - -1))*1. Suppose 4*b + 3 = -c - 23, -2*b - 8 = 3*c. Let w = s - b. What is the greatest common divisor of w and 88?
8
Let j = -29 + -12. Let w = -29 - j. What is the greatest common factor of w and 72?
12
Let w be (-40)/(-3)*9/4. Calculate the highest common factor of w and 10.
10
Suppose -1 + 11 = p. Let l(q) = q + 10. Let d be l(-6). Suppose 4*i - 2*i - d*m - p = 0, -2*i = -2*m - 8. Calculate the greatest common divisor of i and 12.
3
Let j be 10/(-3)*(-3)/2. Suppose j*r - 84 = 16. Let z be 6*(1 - 3/9). Calculate the greatest common factor of r and z.
4
Let v(a) = -a + 24. Let o be v(12). Calculate the highest common divisor of 3 and o.
3
Let k = -94 + 178. What is the greatest common factor of k and 12?
12
Let v(n) = 3*n**2 + n. Let o be v(1). Suppose 5*l + o = -11. Let a(f) = 7*f**2 - f + 4. Let s be a(l). What is the highest common divisor of s and 14?
14
Let v(n) = n - 4. Let o be v(-10). Let m be (-2460)/o - 6/(-21). Calculate the greatest common factor of 16 and m.
16
Let y be 5/((-2)/(3 - 7)). What is the highest common factor of y and 70?
10
Suppose 0 = a - 3*a. Suppose a = -2*t + t + 112. What is the highest common divisor of t and 16?
16
Suppose b - 13 - 6 = 0. What is the greatest common divisor of b and 76?
19
Let v be -7*(7 - -2)/(-1). Calculate the highest common divisor of v and 7.
7
Let c(z) = -z**3 - 8*z**2 - 12*z - 6. Let d be c(-8). Suppose 4*i - 5*i + d = 0. Calculate the greatest common divisor of 10 and i.
10
Let r be (6/9)/(2/3). Let i(k) = 5*k - 1. Let h be i(r). What is the greatest common factor of h and 20?
4
Suppose 5*m - 28 - 17 = 0. What is the greatest common divisor of m and 117?
9
Let n = 42 + -25. Suppose 3*o + 0*o - 11 = r, 5*o = 2*r + n. Let u = 56 + r. Calculate the greatest common factor of 15 and u.
15
Suppose 5*p + 5*z - 60 = 0, 7*p = 2*p - 3*z + 70. What is the highest common divisor of 102 and p?
17
Let f(u) = -u**2 + 5*u - 3. Let h be f(3). Let k be (2/3)/((-2)/(-75)). Suppose -m = 1 - k. What is the greatest common divisor of m and h?
3
Let c = -30 + 50. What is the greatest common divisor of c and 20?
20
Suppose 0 = 24*g - 21*g - 441. What is the highest common factor of 7 and g?
7
Suppose -3 = -2*b - 1. What is the highest common factor of b and 1?
1
Let r(h) be the second derivative of h**4/12 - 5*h**3/6 - 2*h**2 - 4*h. Let d be r(-3). Calculate the greatest common divisor of 50 and d.
10
Let d = 43 - -280. Suppose -5*u - 92 = d. Let i be 3/(-5) - u/5. What is the greatest common divisor of 40 and i?
8
Suppose 3*r + 5*v - 24 = 2*v, 52 = 5*r - v. Let l be (r/4)/((-3)/6). Let y be (-2)/l - 396/(-10). Calculate the highest common divisor of y and 5.
5
Let j be (-3)/(132/(-140)) - 2/11. Let u be -2*(6/(-4) - 0). Calculate the highest common divisor of j and u.
3
Let f = 22 - 32. Let j be (f*1)/((-2)/2). What is the greatest common divisor of 30 and j?
10
Let u(w) = w + 22. Let z be u(11). Suppose -7*i + 44 = -3*i. What is the greatest common divisor of z and i?
11
Let y(n) = -2*n**3 - n**2 + n + 17. Let q be y(0). Calculate the highest common factor of q and 17.
17
Suppose 69 + 151 = 2*o. Let z = 85 - 75. What is the highest common factor of z and o?
10
Let i be (1 - 0)/(-1 + 100/95). Calculate the greatest common divisor of i and 57.
19
Let z be 6/(-27) - 87/(-27). Suppose z*a + 5*o = 2*o + 57, 40 = 2*a + 4*o. Calculate the greatest common factor of a and 9.
9
Let d(q) = q**2 + 2*q - 5. Let c be (5/(-2))/(1/2). Let j be d(c). Let x be j/(-4)*(-12)/10. Calculate the highest common divisor of 33 and x.
3
Let t(o) = -o**3 - 2*o**2 - o + 4. Let p = 7 - 10. Let c be t(p). What is the highest common factor of c and 128?
16
Suppose 2*d + 0*b + 1361 = -5*b, 5*d + 3374 = -3*b. Let g be (-2)/(-9) - d/9. Calculate the greatest common divisor of g and 15.
15
Suppose p - 8 = -3*p. Let i(w) = -1 + w + 2*w**2 + 3*w**3 + 3*w**p - 4*w**3. Let y be i(5). What is the greatest common factor of y and 16?
4
Suppose -12 = -3*j, 2*g - 4*j + 6 + 2 = 0. What is the greatest common divisor of 28 and g?
4
Suppose 7*n - 2*n = -2*c - 11, -4*n = 3*c + 20. Let j be (-40)/(-7) + c/(-28). Calculate the greatest common divisor of 6 and j.
6
Suppose 24 = 5*a - 1. Calculate the greatest common divisor of 15 and a.
5
Let k be (27/36)/((-2)/(-104)). Suppose 0 = 4*s + k - 347. What is the highest common factor of s and 11?
11
Let b be 6/3 + 12/2. Calculate the highest common factor of 88 and b.
8
Let a = 4 + -1. Suppose 0 = -4*g + 2*n + 6, a*g = -n + 4*n. Calculate the highest common factor of g and 24.
3
Let s = 5 - 0. Suppose -c = -s - 6. Let u = 234 - 113. What is the highest common factor of c and u?
11
Suppose o - 4*v = 58, 5*o - 102 - 138 = -5*v. What is the highest common divisor of 10 and o?
10
Let w be (-1 + (-28)/(-4))/1. What is the highest common factor of w and 2?
2
Suppose 243*j = 244*j - 69. Calculate the highest common factor of 46 and j.
23
Let v be (-13)/(-1 + 0/1). What is the greatest common divisor of 117 and v?
13
Suppose 6*y - 70 = y. What is the highest common factor of y and 70?
14
Let y(w) = -w + 3. Let s be y(-2). Let b = -34 + 74. Calculate the highest common divisor of s and b.
5
Suppose -2*a + 6*a - 112 = 0. Suppose 0 = -h, -2*u - 2*h - h = -a. Calculate the greatest common factor of 70 and u.
14
Suppose -2*z = -12 - 16. Let b = -281 - -452. Let x = -17 + b. What is the greatest common divisor of z and x?
14
Let n = 12 - 7. Suppose -3*j - n = -86. What is the highest common divisor of j and 9?
9
Let n be (1 - (1 + 8))/(-2). Calculate the greatest common factor of n and 24.
4
Suppose m = g - 6*g + 139, 0 = -2*g - 2. Calculate the greatest common factor of 36 and m.
36
Let y(z) = 7*z - 18. Let i be y(3). Let x(b) = b**3 + b**2 + b + 33. Let v be x(0). What is the greatest common factor of v and i?
3
Suppose 0 = -5*c + 3*w - 12, 2*c + 2*w = 6*c + 8. Let p be (c + -6)*1/(-3). Let m = -2 + 10. Calculate the greatest common factor of p and m.
2
Let v = -22 - -36. Let t be (-10142)/(-77) + 4/v. What is the greatest common factor of t and 12?
12
Suppose -4*n + n = -3*o - 93, -2*o + 42 = 2*n. Calculate the greatest common divisor of n and 26.
26
Let h(f) be the first derivative of 13*f**2 + 2. Let x be h(1). Suppose -151 = -5*z - 5*m - x, z + 5*m = 21. Calculate the greatest common factor of 65 and z.
13
Let f(h) = 4*h + 8. Let m be f(11). Suppose 4*p = -12, -20 = q - 2*q - 2*p. Suppose -i - q = -2*i. Calculate the highest common divisor of i and m.
26
Let r(s) = s**3 + 8*s**2 + 5*s. Let o = 62 - 37. Suppose -3*p = -2*p - 5*t + 5, -3*t - o = 5*p. Let h be r(p). Calculate the greatest common factor of h and 20.
10
Let w(k) = -7 - 2 + 2 + k + 4*k. Let p be w(3). What is the highest common factor of p and 64?
8
Let m(k) = k. Let l be m(5). Suppose 5*a + 4*o - 30 - 72 = 0, o = -l*a + 93. Suppose 0 = 5*q - q - 48. What is the highest common factor of a and q?
6
Suppose -5*i - 4*f + 140 = 0, 0 = 3*i - 4*f - 12 - 72. What is the greatest common factor of i and 56?
28
Let a(x) = 2 - 5*x + 1 - 5 - 2. Let b be a(-3). What is the greatest common divisor of 77 and b?
11
Let t(d) = 11*d**3 + 1. Let c be t(1). Let a = -28 - -52. Calculate the highest common divisor of c and a.
12
Suppose 46*n = 45*n + 36. Calculate the highest common divisor of n and 9.
9
Let q = 3 + 2. Let k(b) = 2*b - 2*b + 2 + 1 + 2*b. Let o be k(11). What is the highest common factor of q and o?
5
